7963 composite?
False
Is 13930177 composite?
False
Is 897517 composite?
False
Is 237626479 prime?
True
Is 82968217 composite?
True
Is 25213 composite?
True
Is 352807337 a prime number?
False
Is 17929906 composite?
True
Is 1634803 a prime number?
True
Is 19118837 prime?
True
Is 934429 composite?
False
Is 485172461 prime?
True
Is 40190117 composite?
True
Is 1797407 prime?
True
Is 3764317 a prime number?
False
Is 319959787 a prime number?
False
Is 7467281 composite?
False
Is 90601613 composite?
True
Is 369411583 a prime number?
True
Is 121636303 prime?
True
Is 3099809 prime?
True
Is 440582437 a composite number?
False
Is 2048129 prime?
False
Is 303228689 composite?
False
Is 124381627 prime?
False
Is 24088462 a prime number?
False
Is 579590749 a composite number?
False
Is 69949501 prime?
True
Is 1266989 a prime number?
False
Is 62113 a composite number?
True
Is 14090803 prime?
True
Is 4079239 a prime number?
False
Is 1348757 a composite number?
False
Is 59088143 prime?
False
Is 35602439 composite?
False
Is 105307798 a prime number?
False
Is 1464607 composite?
True
Is 50900677 a composite number?
True
Is 2442227 a prime number?
True
Is 5514049 composite?
True
Is 8065307 prime?
False
Is 4378697 a composite number?
False
Is 35728631 a composite number?
False
Is 2299085 prime?
False
Is 518766869 a composite number?
False
Is 1583447 a composite number?
False
Is 1872569 prime?
True
Is 7914211 a composite number?
True
Is 576984139 composite?
False
Is 6674309 composite?
False
Is 65003429 a prime number?
False
Is 8590837 a composite number?
False
Is 93019163 a composite number?
False
Is 86922719 prime?
False
Is 65780053 a prime number?
True
Is 2468629 prime?
True
Is 1032638 a prime number?
False
Is 5225953 a prime number?
False
Is 3636993 a composite number?
True
Is 1735243 composite?
True
Is 14664911 prime?
False
Is 553961 a prime number?
True
Is 2016851 a prime number?
True
Is 9408517 a prime number?
True
Is 669077 composite?
False
Is 13177663 a prime number?
False
Is 70168307 a composite number?
True
Is 240309913 a composite number?
False
Is 129145382 a prime number?
False
Is 44725693 a prime number?
False
Is 254246887 a prime number?
True
Is 12067201 a composite number?
False
Is 1003231 composite?
True
Is 904289 a composite number?
False
Is 4527779 prime?
False
Is 3231478 composite?
True
Is 1461989 a prime number?
True
Is 19913483 prime?
False
Is 156413351 a prime number?
True
Is 100302707 composite?
False
Is 437841511 prime?
False
Is 2992009 a prime number?
False
Is 1343721 a composite number?
True
Is 390429679 prime?
True
Is 5106363 composite?
True
Is 578171 a composite number?
True
Is 3713441 a composite number?
False
Is 4849147 a composite number?
False
Is 1882753 prime?
False
Is 2471039 prime?
False
Is 47060033 prime?
False
Is 121717 a prime number?
False
Is 37113953 prime?
True
Is 1165273 prime?
True
Is 1131799 prime?
True
Is 4883357 composite?
False
Is 19688269 a composite number?
False
Is 22702087 a composite number?
True
Is 926905103 a composite number?
True
Is 42667 a prime number?
True
Is 996060329 a prime number?
False
Is 4680997 a composite number?
False
Is 4282339 a prime number?
False
Is 796020403 composite?
False
Is 442679 a prime number?
False
Is 304043591 prime?
True
Is 276304537 prime?
True
Is 891101 composite?
False
Is 2622289 composite?
True
Is 1753811 a composite number?
True
Is 607777 a composite number?
True
Is 14767783 a composite number?
True
Is 1081139 a composite number?
False
Is 384788623 a composite number?
False
Is 2265779 composite?
False
Is 292816061 a prime number?
True
Is 345817991 composite?
False
Is 32370439 composite?
True
Is 14346281 prime?
True
Is 14820269 a composite number?
True
Is 11877277 a prime number?
True
Is 26776913 a prime number?
False
Is 88365313 composite?
True
Is 9993523 prime?
False
Is 133051 composite?
False
Is 1029619 composite?
True
Is 41769179 prime?
True
Is 1419681 composite?
True
Is 12982777 composite?
True
Is 22156649 prime?
True
Is 79256893 prime?
False
Is 178024643 composite?
False
Is 13028221 composite?
True
Is 413629 prime?
True
Is 42204677 composite?
False
Is 168283183 a prime number?
True
Is 802013 a prime number?
False
Is 18397703 composite?
False
Is 6762241 a prime number?
False
Is 12426289 prime?
False
Is 918557119 composite?
False
Is 921073 composite?
False
Is 18371593 prime?
True
Is 15265099 a composite number?
True
Is 148913365 composite?
True
Is 7338343 composite?
False
Is 395736035 prime?
False
Is 8579057 prime?
False
Is 764741 composite?
True
Is 1470149 composite?
False
Is 158743379 composite?
False
Is 82214399 composite?
True
Is 100504603 composite?
False
Is 1146217 composite?
False
Is 935687 a prime number?
True
Is 232544143 a composite number?
True
Is 28916229 a composite number?
True
Is 940127 a composite number?
False
Is 1827479 composite?
False
Is 277961 composite?
False
Is 26593111 prime?
False
Is 235591 composite?
False
Is 34166641 composite?
True
Is 1954873 a prime number?
True
Is 219639302 prime?
False
Is 85905577 a prime number?
False
Is 2679697 a prime number?
True
Is 75201689 a prime number?
False
Is 3620473 a composite number?
True
Is 52501159 a composite number?
True
Is 200592761 prime?
True
Is 256843567 prime?
False
Is 9458837 a composite number?
True
Is 39001849 a prime number?
True
Is 314054731 a prime number?
True
Is 14132059 composite?
True
Is 2483877017 composite?
False
Is 83768261 a prime number?
True
Is 23582483 composite?
False
Is 10375319 composite?
False
Is 31147989 a composite number?
True
Is 4489937 a composite number?
False
Is 58277689 prime?
False
Is 278960777 prime?
True
Is 91727 a prime number?
False
Is 1788107 a composite number?
True
Is 6968111 prime?
True
Is 8734169 prime?
True
Is 38903789 prime?
True
Is 1770187 a composite number?
False
Is 788759 a prime number?
False
Is 5165247 prime?
False
Is 3841807 prime?
True
Is 12682078 prime?
False
Is 7514509 a composite number?
True
Is 10565519 prime?
True
Is 1465099 composite?
True
Is 145374409 composite?
False
Is 2356531 composite?
False
Is 1695443 prime?
False
Is 401201 a composite number?
False
Is 727375813 prime?
True
Is 57712742 a composite number?
True
Is 7898989 a composite number?
True
Is 18791303 composite?
True
Is 3046273 a composite number?
False
Is 32989 a composite number?
True
Is 4063729 a prime number?
False
Is 1329751 a prime number?
False
Is 3117383 composite?
True
Is 11770141 a prime number?
False
Is 2721247 a prime number?
True
Is 17945611 a composite number?
True
Is 216623587 a composite number?
True
Is 239417 composite?
False
Is 12977311 composite?
True
Is 212846395 a prime number?
False
Is 29243369 prime?
True
Is 210530687 a prime number?
True
Is 93212731 a composite number?
True
Is 118297 a composite number?
False
Is 1469074 prime?
False
Is 1181963 a prime number?
True
Is 68469847 a composite number?
False
Is 4093553 composite?
True
Is 2361773 a composite number?
False
Is 173613199 prime?
False
Is 9875977 prime?
True
Is 6489083 composite?
False
Is 1422489 a composite number?
True
Is 221467409 a prime number?
True
Is 37149581 composite?
True
Is 2659549 a composite number?
False
Is 21897857 a composite number?
False
Is 264404819 a composite number?
True
Is 476977 a composite number?
False
Is 5352359 composite?
False
Is 92962199 a composite number?
True
Is 8805487 a composite number?
False
Is 1994149 composite?
True
Is 140398057 prime?
True
Is 604220057 a composite number?
True
Is 1327391 a prime number?
False
Is 276719071 prime?
True
Is 363864147 composite?
True
Is 75882121 a composite number?
True
Is 1111310611 composite?
False
Is 10299587 a prime number?
True
Is 13042303 composite?
True
Is 14204077 composite?
True
Is 13422839 a composite number?
True
Is 1365803 composite?
True
Is 8911977 a composite number?
True
Is 3482887 prime?
True
Is 2225819 composite?
False
Is 45898663 a composite number?
True
Is 5174321 a prime number?
False
Is 135542171 prime?
False
Is 44040673 prime?
True
Is 10667 a prime number?
True
Is 16040989 a prime number?
False
Is 83693359 a prime number?
True
Is 889579 a composite number?
False
Is 302399 a prime number?
True
Is 143537711 a prime number?
True
Is 17999979 composite?
True
Is 90897593 a prime number?
True
Is 272737 composite?
False
Is 1142779 